525460 and 4360.
2180
Calculate the highest common divisor of 7829228 and 13420.
2684
Calculate the greatest common divisor of 58106350 and 3210.
1070
What is the greatest common divisor of 58211960 and 16860?
5620
What is the highest common divisor of 296 and 63558552?
8
Calculate the greatest common divisor of 2716740 and 7955.
215
Calculate the greatest common divisor of 4350 and 1333884.
174
Calculate the highest common factor of 50611437 and 155.
31
Calculate the highest common factor of 196 and 781728703.
49
Calculate the greatest common factor of 6890 and 651370.
530
What is the highest common factor of 2634256 and 24?
8
What is the greatest common factor of 90515060 and 284?
284
What is the greatest common divisor of 12 and 68503692?
12
What is the greatest common divisor of 82060 and 5882140?
220
Calculate the greatest common divisor of 1787160 and 4982.
106
Calculate the highest common divisor of 72 and 2200905.
9
Calculate the highest common factor of 643 and 314904749.
643
Calculate the highest common divisor of 2690 and 833890.
10
Calculate the highest common factor of 17552 and 123726242.
2194
Calculate the highest common factor of 574 and 2300100.
82
Calculate the greatest common divisor of 61640739 and 9.
9
Calculate the greatest common divisor of 358068 and 9596.
4
What is the greatest common factor of 4024562 and 36482?
58
What is the greatest common divisor of 2270337 and 7048?
881
What is the greatest common factor of 1482207510 and 70?
70
What is the highest common divisor of 1222 and 1928242069?
611
What is the highest common factor of 152 and 32347880?
152
What is the highest common divisor of 1023 and 320793?
33
What is the highest common divisor of 39866344 and 364?
28
Calculate the greatest common factor of 8 and 2103109784.
8
Calculate the greatest common factor of 2844 and 64701.
711
What is the highest common factor of 7986 and 768936003?
3993
What is the greatest common divisor of 34974 and 4153293?
261
What is the highest common factor of 39179847 and 13083?
1869
Calculate the greatest common factor of 45783056 and 3245.
649
What is the greatest common factor of 23525537 and 98?
49
What is the highest common factor of 540894080 and 232?
232
Calculate the highest common divisor of 89855446 and 1786.
1786
What is the highest common divisor of 2175061 and 539?
49
Calculate the greatest common divisor of 113023305 and 95.
95
What is the highest common factor of 58168 and 57541?
11
Calculate the highest common divisor of 1758 and 2624989344.
1758
What is the highest common divisor of 2 and 32427538?
2
Calculate the highest common factor of 1468 and 23119532.
1468
What is the highest common divisor of 627 and 3320781?
3
What is the greatest common factor of 21125 and 49600?
25
What is the greatest common factor of 216 and 1739583?
27
Calculate the greatest common divisor of 442444 and 2120.
212
What is the highest common divisor of 38 and 28350698?
38
Calculate the greatest common factor of 1277568 and 1422.
18
Calculate the highest common factor of 72 and 81821385.
9
What is the highest common divisor of 218926 and 5542?
34
Calculate the highest common divisor of 12658958 and 3848.
962
Calculate the greatest common factor of 1011085 and 12704806.
6973
Calculate the greatest common divisor of 2871 and 71514261.
261
Calculate the greatest common factor of 11050942 and 85498.
434
Calculate the greatest common divisor of 75089888 and 64.
32
Calculate the highest common factor of 1362971 and 8729.
1247
Calculate the greatest common divisor of 94895 and 35320.
5
What is the greatest common factor of 30486421 and 2283?
761
Calculate the greatest common divisor of 665236 and 109252.
572
Calculate the highest common factor of 326 and 131510030.
326
Calculate the highest common divisor of 140724 and 3330.
18
Calculate the highest common divisor of 387650315 and 31525.
6305
Calculate the highest common divisor of 223957 and 1755791.
797
Calculate the greatest common divisor of 188 and 5302258.
94
What is the highest common factor of 21532423 and 482702?
6523
Calculate the highest common factor of 23437696 and 41344.
2176
Calculate the greatest common factor of 10170 and 2441930.
1130
What is the highest common factor of 72372 and 942?
6
What is the highest common factor of 134676 and 10?
2
Calculate the highest common divisor of 237 and 34948257.
237
Calculate the greatest common divisor of 11767842 and 9639.
1377
Calculate the greatest common divisor of 209272 and 11970.
14
Calculate the highest common factor of 21557497 and 52.
13
Calculate the highest common divisor of 340346 and 644954.
334
Calculate the highest common divisor of 20967 and 3658862.
241
Calculate the highest common divisor of 448 and 8744.
8
What is the highest common divisor of 142761 and 320758?
23
What is the highest common divisor of 8810 and 710?
10
What is the highest common divisor of 14 and 141338267?
7
What is the greatest common divisor of 32 and 79587816?
8
Calculate the highest common divisor of 47 and 511081854.
47
What is the greatest common divisor of 375 and 53476375?
125
Calculate the highest common divisor of 2120 and 40534930.
530
Calculate the greatest common divisor of 4507548 and 894.
894
Calculate the greatest common factor of 425468427 and 9549.
3183
What is the greatest common divisor of 4137922 and 6064?
758
What is the highest common factor of 2648114423 and 503?
503
Calculate the highest common factor of 70 and 7100555.
35
What is the highest common divisor of 87032 and 270040?
344
What is the greatest common divisor of 202538 and 303548?
518
What is the highest common factor of 71 and 9684684?
71
Calculate the greatest common factor of 27750335 and 9294.
1549
Calculate the greatest common factor of 5786243 and 93.
31
What is the highest common divisor of 12 and 291016356?
12
What is the greatest common divisor of 1164901 and 145?
29
Calculate the greatest common divisor of 531 and 88437519.
531
Calculate the greatest common factor of 987712815 and 114.
57
What is the greatest common factor of 837018 and 186442?
146
What is the greatest common divisor of 11072713 and 1679?
73
What is the greatest common factor of 106 and 22150343?
53
Calculate the highest common factor of 1380 and 128106090.
690
Calculate the greatest common divisor of 7294994 and 448.
14
Calculate the highest common divisor of 189747784 and 88.
8
What is the highest common factor of 172288004 and 7413?
2471
What is the highest common factor of 5326 and 38509643?
2663
What is the highest common divisor of 32188392 and 18960?
1896
What is the greatest common factor of 126486 and 1422?
18
What is the greatest common divisor of 79878215 and 28845?
3205
What is the highest common factor of 18034 and 176530?
254
What is the highest common factor of 11819394 and 1146330?
4878
What is the greatest common divisor of 31 and 5636879?
1
Calculate the highest common factor of 10702 and 1976124300.
10702
Calculate the greatest common factor of 70 and 10780760.
10
What is the greatest common factor of 18288 and 1243152?
144
Calculate the greatest common divisor of 73800 and 5472.
72
Calculate the greatest common divisor of 35665 and 519018479.
7133
What is the greatest common divisor of 29055 and 53430?
195
What is the highest common factor of 8098392 and 3174?
138
What is the highest common divisor of 116 and 34750932?
116
What is the greatest common divisor of 22063548 and 11310?
2262
What is the greatest common divisor of 3090625 and 312825?
1075
What is the highest common factor of 35077 and 27856149?
5011
Calculate the greatest common divisor of 10241 and 3518249.
931
Calculate the greatest common divisor of 1784 and 612577432.
1784
What is the highest common factor of 3382877 and 1647?
61
Calculate the greatest common divisor of 2125 and 10180705.
85
Calculate the greatest common divisor of 6600980 and 4940.
380
Calculate the highest common divisor of 1832116 and 1404.
52
Calculate the greatest common divisor of 419635 and 15129.
41
What is the highest common factor of 7614 and 54401654?
94
Calculate the highest common divisor of 15398352 and 126.
18
What is the highest common factor of 22 and 56610059?
11
Calculate the highest common factor of 22810 and 107130.
10
Ca